 1330. Calculate a(-8).
17
Suppose 14*t + 165 = -87. Let y be (-3)/t*(14 + -8). Let c(o) be the third derivative of o**6/15 - o**5/60 - o**2. Give c(y).
7
Let k(c) be the second derivative of -c**4/12 + c**3 + 8*c**2 + 1358*c. What is k(4)?
24
Suppose 12 - 28 = -2*a - k, -20 = -5*k. Let g(f) = -6*f + 52. Let b be g(a). Suppose -b*q + 16 = -18*q. Let s(v) = -2*v - 7. What is s(q)?
9
Let g(o) = -o**2 - 10*o - 7. Let f(v) = v**2 - 6*v - 9. Let q be f(11). Suppose 6*y - q*y - 240 = 0. Determine g(y).
17
Suppose 7*t = 1534 - 1562. Let y(a) = 5*a**2 - 10*a + 14. Let l(n) = 7*n**2 - 10*n + 15. Let p(d) = t*y(d) + 3*l(d). What is p(-10)?
-11
Let k = -7665 + 7662. Let b(o) = 11*o + 39. Give b(k).
6
Let s(p) = -29*p + 39. Let h(u) = 11*u - 14. Let i(w) = 8*h(w) + 3*s(w). Determine i(-6).
-1
Let o(c) be the second derivative of 31*c**2 + 0 - 3*c - 2/3*c**3. Let l be o(16). Let z(i) = -i**2 + 3*i + 3. What is z(l)?
-7
Let f(j) = 134 - 400 + 142 + 141 + 16*j - 9*j**2 + 8*j**2. What is f(17)?
0
Let z(l) = 4*l**2 - l**3 + 2*l + l - 6*l**2. Let n = 5348 - 5346. Determine z(n).
-10
Let d(c) = -7*c - 497. Let n be d(-70). Let m(k) = k**2 + 4*k - 8. Determine m(n).
13
Let o(z) = -11*z + 173. Let i be (10/(-6))/(485/(-4656)). Calculate o(i).
-3
Let f(t) = 5*t**3 - t**2 + 10*t + 1. Let n(b) = 6*b**3 + 13*b. Let x(u) = 5*f(u) - 4*n(u). Determine x(-2).
-19
Let o be (14/42 - 4/(-6))*1. Let z be (-15)/5 + o/(-2 + 3). Let g(b) = 8*b. Determine g(z).
-16
Let y(p) = -2*p**2 + 8*p - 13. Let b be 504/84*2/4. Give y(b).
-7
Let x be 1/(-39)*-318 - (120/(-65) - -2). Let n(z) = -7*z**2 + 65*z - 65. Calculate n(x).
7
Let n = -353 - -153. Let h = -193 - n. Let l(m) be the second derivative of m**3/3 - 2*m**2 - m. Calculate l(h).
10
Let l = -24878 - -24872. Let n(f) = -10*f - 58. What is n(l)?
2
Suppose 3*x - 3*y - 84 = 12, y - 3 = 0. Let z(u) = 2*u - 55. Give z(x).
15
Let r = -1045 + 1049. Let b(q) = 3*q + 4*q - 3*q - q. Give b(r).
12
Let k(d) = -13*d**2 + 102964 + d**3 - 103046 - 14*d - 10*d + 32*d**2. Calculate k(-20).
-2
Let r(l) = -l**3 - 7*l**2 - 6*l - 4. Let c = -1188 - -2174. Suppose 974 = 2*v + c. Calculate r(v).
-4
Let l(r) = r - 5. Suppose -5*c + 6 = 2*u - 7, -3*c + 3*u - 9 = 0. Suppose 4*x - 13 = -m, -x - 3*x + 33 = 5*m. Let j = m + c. What is l(j)?
1
Let c(t) be the first derivative of -4*t**2 - 40*t + 1194. Determine c(-5).
0
Let x(w) = 33*w + 978 - 487 - 494. Give x(1).
30
Let c(o) = o + 11. Let z(k) = -k**3 + 7*k**2 - 17*k + 72. Let j be z(6). Suppose -3*m - 4*r - 20 = 0, j + 6 = -2*m - 2*r. Give c(m).
7
Let f(y) = 8*y - 1. Let p(k) = -46*k + 3. Let a(r) = -5*f(r) - p(r). Determine a(-3).
-16
Let l(j) = j + 9 + 4 - 6. Let p be 121/(2057/408) + -31. What is l(p)?
0
Let m = 24 + -22. Let v(b) = b + 1 + 7*b**2 + 0 - 4*b. Calculate v(m).
23
Let w be (-3660)/5*(-36)/16. Let x = -1639 + w. Let v(i) = 4*i. Let s(d) = -7*d + 1. Let b(q) = -6*s(q) - 10*v(q). Calculate b(x).
10
Let m(c) be the third derivative of -c**5/60 + 13*c**4/8 + 103*c**3/6 + 5563*c**2. Calculate m(41).
21
Let r(g) = 22*g**2 - 1. Let k = -63 + 67. Suppose -k*l - 5*x - 1 = 0, -5*x - 7 = l - 3*l. What is r(l)?
21
Let w(y) = 2*y**2 + 2*y + 1. Let k = 445 + -449. Let v be (18/(-72) - (-3)/k)*2. Calculate w(v).
5
Let o = -109 - -131. Let h(g) = -g**3 + o*g**2 + 2 - 8*g - 29*g**2 + 0*g**3 - 17. Determine h(-6).
-3
Let l be -2 + 2 + -10 + 36. Let d = l - 24. Suppose -3*n - 25 = -4*g, d*g - 3*g - 5 = 3*n. Let y(v) = -v + 1. Calculate y(g).
-3
Let t(n) = -n**3 - 8*n**2 + 18*n + 82. Let y be t(-9). Let d(k) = -10*k**2 + 6*k - 7. What is d(y)?
-11
Let b(r) = 106*r - 815. Let u be b(8). Let k(d) = -12*d + 398. What is k(u)?
2
Let o(x) = -2743*x + 42*x**2 + x**3 - 88 + 5270*x - 2617*x. What is o(-44)?
0
Let v(a) be the first derivative of 2*a**3/3 + 9*a**2/2 + 2*a - 202. Determine v(-2).
-8
Let i(n) = 3*n**2 - 3*n. Let d = 310 - 307. Let v(w) = -2*w + 10. Let f be v(d). Determine i(f).
36
Let g(u) = 9*u - 10 + 5*u**3 - 6*u**3 - 5*u**2 + 11*u**2. Let r(c) = -c**2 + 6*c - 3. Let f be r(2). Suppose -2*m + f*d + 8 = 4, 19 = 3*m - d. Determine g(m).
4
Let r(z) = -31*z**3 - 8*z**2 + 8*z - 3. Let y(s) = 35*s**3 + 9*s**2 - 9*s + 4. Let v(x) = -9*r(x) - 8*y(x). Let p(b) = b - 2. Let f be p(2). Determine v(f).
-5
Let g(l) = -8*l**3 - 22*l**2 + 57*l + 1. Let s(x) = -11*x**3 - 33*x**2 + 84*x + 2. Let i(v) = -7*g(v) + 5*s(v). What is i(9)?
30
Suppose w + i = 14 + 26, w + 5*i - 60 = 0. Suppose -8*t - w = -3*t. Let o(u) be the second derivative of u**4/12 + u**3 - 5*u**2 + 2*u + 33. What is o(t)?
-3
Suppose -b = 3*n - 2*b - 9, 1 = -4*n - 3*b. Let w(g) = -3*g**n + 6*g - 2*g**2 + 5 + 0*g**2 + 6*g**2. Suppose 10*f - 17*f = 28. Give w(f).
-3
Let w(n) = -208*n**2 + 21*n**2 + 188*n**2 + 12*n - 14. What is w(-12)?
-14
Let f(l) = -2*l**2 - 1. Let o = 36 - 40. Let y be o + (-2 - -31) + -2. Suppose -5*q + y = s, 4*s + 3*q = -q + 12. Calculate f(s).
-9
Let r(b) = -3*b - 68. Let d be (-187)/11 + (-2 - 5) - (-5)/(-5). Give r(d).
7
Let v(n) be the first derivative of 4*n**3/3 + 3*n**2/2 - 1631. What is v(2)?
22
Let d(s) = -20*s - 21. Let b(w) = 4*w - 157 + 3*w + 164. Let k(q) = -17*b(q) - 6*d(q). What is k(-7)?
0
Let r(n) be the first derivative of -1/3*n**3 + 6*n + 5*n**2 + 32. Give r(10).
6
Let t = 26 - -6. Let y = t + -28. Suppose 3*d = -b + 14, -5*b = y*d - 2*b - 12. Let c(a) = -a**2 + 2*a + 4. Give c(d).
-20
Let k(q) = q + 7. Let r(v) be the first derivative of -8*v**3/3 - 3*v + 9. Let d be r(-2). Let w = d + 25. Determine k(w).
-3
Let u(t) = -7*t**2 + t. Let m(p) = -6*p**2 - 2*p - 2. Let r be m(4). Let o = r + 162. Let g = 57 - o. Determine u(g).
-6
Let r(g) = g**3 - g**2 + g. Let j(k) = 84*k**3 - k**2 + 3*k + 3. Let d be j(-1). Let n = 87 + d. What is r(n)?
6
Let b(o) = -o**2 - 12*o - 5. Let p(h) = -h**2 - 13*h - 6. Let z(r) = 6*b(r) - 5*p(r). Suppose 0 = 401*i + 208*i + 3654. Determine z(i).
6
Let z(o) be the second derivative of -o + 0 - 1/3*o**4 + 1/3*o**3 + 2*o**2 + 1/20*o**5. Let i be ((-58)/(580/(-75)))/(5/2). Give z(i).
1
Let l(j) = -18*j**2 + 11*j**2 - 12 - 284*j + 303*j + 8*j**2. Calculate l(-19).
-12
Let w = 55 + -51. Let o(c) = -13 + 101680*c + w - 101676*c. Give o(5).
11
Let k(w) = -9*w + 99. Let b be 2*(1 - 4 - -8). What is k(b)?
9
Suppose 9*p + 31 = 3*k + 10*p, 0 = 4*k + 3*p - 38. Suppose -k*b = -10*b - 7. Let l(d) = d**3 - 6*d**2 - 5*d - 10. Determine l(b).
4
Suppose 5*n + 39 = d + 3*d, -26 = -d - 2*n. Suppose 2*j = -6*j + d. Suppose 2*z - 11 = -v, 7*z - 32 = -4*v + j*z. Let f(h) = h**2 + h - 4. Determine f(v).
8
Suppose 7*r - 10 = 11. Let q(t) = 2 + r*t**2 + 13*t**3 - 5*t**3 - 4 - 10*t**3. What is q(-2)?
26
Let m = -9505 - -9498. Let c(x) be the second derivative of -3/2*x**2 + 0 + x - 1/6*x**3. What is c(m)?
4
Let i(o) = o**3 - 5*o**2 + 2*o - 8. Let p be i(5). Let w(f) be the first derivative of f**4/4 + f**3/3 - 2*f**2 + 3*f + 5751. Give w(p).
7
Let o = 4268 + -4264. Let y(k) = k - 20. What is y(o)?
-16
Suppose d + 2*y = -6, -2*y - 10 = -2*d + d. Let l(c) = 3*c**d - 2 + 4*c**2 + 3 - 2*c. Suppose 3*o = -q - 445 + 442, o - 2*q - 13 = 0. Determine l(o).
6
Let x(p) = p**3 + 3*p**2 + 22*p + 18. Let b(s) = 6*s**3 + 10*s**2 + 115*s + 90. Let y(k) = 2*b(k) - 11*x(k). Let i = 10 - -4. What is y(i)?
10
Let v(g) = 3*g**3 + g**2 - 100*g + 105. Let j(n) = 4*n**3 - n**2 - 99*n + 148. Let u(r) = 2*j(r) - 3*v(r). Determine u(-13).
7
Let y(r) = -r**3 - 10*r + 24*r - 13 - 5*r**2 + 42 + 14*r. Calculate y(-8).
-3
Let o(l) = 10*l**3 - 5*l**2 + 43*l - 5. Let i(j) = 28*j**3 - 14*j**2 + 122*j - 14. Let v(p) = 6*i(p) - 17*o(p). Give v(2).
-9
Let j be 16 + -69 + 8 + -4. Let g(z) = z**2 + 46*z - 143. Calculate g(j).
4
Let l(n) = n**2 + 8*n - 7. Let t(h) = h**3 + 26*h**2 - 32*h + 27. Let d be t(-27). Let q = 152 - d. What is l(q)?
13
Suppose 24*r - 414 = -54. Let l be 3*160/(-75) - (-6)/r. Let p(i) = i**2 + 7*i + 10. Determine p(l).
4
Let n = -264806 - -264814. Let c(k) = -10*k + 5. Let w = -18 - -25. Let r(h) = -9*h + 6. Let d(j) = w*r(j) - 6*c(j). Give d(n).
-12
Let n = -8 + 16. Let z(x) = -9*x**2 - 7*x - 16. Let w(u) = u**2 + 2. Let h(a) = -3*a**2 - 9. Let d(b) = h(b) + 5*w(b). Let g(i) = 5*d(i) + z(i). What is g(n)?
-3
Suppose 0 = -0*p + p + 2*x + 6, -x - 1 = 0. Suppose -2*f - 12 = -18. Let v(b) = 4 + 2*b**2 + 3*b**2 + 4*b - 4*b**2 + f